 Determine g(a).
-6
Suppose s = 27 + 30. Let j(g) = 11*g - 41. Let w be j(4). Let i(v) = v**3 - s*v + v**2 + 58*v + w*v**2 - 1. What is i(-4)?
-5
Let q(v) = -25*v + 1. Suppose 0 = -234*c + 245*c + 11. Give q(c).
26
Let w(n) = -n**3 + 11*n**2 + n + 8. Let i(m) be the first derivative of m**4/4 - 32*m**3/3 - 29*m**2/2 - 121*m + 62. Let o be i(33). Determine w(o).
19
Let m(v) = 3*v**3 + 7*v**2 - 5*v - 19. Let h(a) = -2*a**3 - 3*a**2 + 3*a + 10. Let s(g) = -5*h(g) - 3*m(g). Let l = -103 - -17. Let p = l - -92. Calculate s(p).
7
Let y(h) = 20*h - 24. Suppose -3*w - 5*c = 36, -23*w - 30 = -14*w + 2*c. Give y(w).
-64
Let o(w) = -34*w**2 + 3. Let i(c) = 24*c**2 - 1. Let l(u) = 2*i(u) + o(u). Calculate l(-1).
15
Let p(n) be the first derivative of n**2/2 + n + 37. Let j = 26 - 20. Suppose 12 = -j*w - 18. Calculate p(w).
-4
Suppose -68*a + 16 = 220. Let b(z) = -35*z - 5. What is b(a)?
100
Let c(x) = -x**3 - 4*x**2 + 4*x + 3. Suppose 4*k = 9*k, -128 = -4*o - 3*k. Suppose o*q - 29*q + 12 = 0. Give c(q).
-13
Let f(w) = -w**3 + 47*w**2 + 48*w. Let x be 145/29 + 428/10 + (-16)/(-80). Determine f(x).
0
Suppose -25*f = -23*f - 166. Suppose 86*b - 45 = f*b. Let v(m) = -3 + 6 + b*m + 16*m - 32*m. Determine v(5).
-2
Let z(o) = 5*o + 4 - 184069*o**2 + 184068*o**2 - 1. Determine z(5).
3
Let o(h) = -40*h**3 - 11*h**2. Let c(y) = 8*y**3 + 2*y**2. Let r(p) = 11*c(p) + 2*o(p). Let q be 10608/(-546) + 40/2 + 11/(-7). Calculate r(q).
-8
Let s = -56 - -96. Let c = s + -40. Let u(j) = 0*j**3 - 12 + 10 - j**3. What is u(c)?
-2
Suppose -u = -5*a, 2*u - 3*a - 2*a = 0. Let y be 2*(u - 10/(-4)). Suppose 1 = 2*w + 3*n, y*w + 7 = -3*n + 5*n. Let h(z) = -z**2 - z. Calculate h(w).
0
Let b(x) = 1298 + 1374 + 12*x - 2687. What is b(-10)?
-135
Let t(j) = -29*j - 11. Suppose -9*w + 14*w + 4*q = 37, 3*q = -4*w + 28. Determine t(w).
-40
Let s(r) = r - 8. Let q(v) = -v - 7. Let j be 3 + 3/(-6) + 3/(-6). Let z be 2/(-5)*-5 + j + -19. Let g be q(z). Give s(g).
0
Suppose 12 = 4*i - 0. Let u(z) = 3*z**3 - 10*z**2 - 5*z - 32. Let y(q) = -2*q**3 + 6*q**2 + 3*q + 16. Let v(t) = i*u(t) + 5*y(t). What is v(0)?
-16
Let s(t) be the third derivative of t**4/24 + 2*t**3/3 - t**2. Suppose 5*l + 271 = -3*u, -131 - 176 = 3*u - 4*l. Let g = -101 - u. What is s(g)?
0
Let t = -19029 + 19019. Let u(y) be the second derivative of y**5/20 + 5*y**4/6 + y**3/3 + 6*y**2 + y. What is u(t)?
-8
Let o(h) = 4*h - 21. Let m(f) = -134*f + 9642. Let t be m(72). What is o(t)?
-45
Let m(v) = -v**3 - 29*v**2 - 188*v + 16. Let b be m(-10). Let d(p) = 2*p**3 + 8*p**2 + 23*p + 93. What is d(b)?
1
Let c(y) = 19*y + 2. Let b(p) = -39*p - 4. Let a(x) = 3*b(x) + 7*c(x). Suppose 5*q - 8*k = -10*k - 14, -4*q - 3*k = 14. What is a(q)?
-30
Let g(l) = 10*l - 31. Suppose -52 - 11 = -22*o + 25. Determine g(o).
9
Let t(o) = o**3 - 4*o**2 - 9*o - 10. Let x be t(6). Let i(k) be the first derivative of -k**2 - k - 29. Determine i(x).
-17
Let h = 4336 - 4351. Let d(j) = -3*j - 60. Determine d(h).
-15
Let m(w) be the first derivative of 7*w**2/2 + 99*w + 222. What is m(-16)?
-13
Let n(o) be the second derivative of 0 - 2*o**3 + 1/24*o**4 + 13*o + 2*o**2. Let y(v) be the first derivative of n(v). Determine y(6).
-6
Let b(q) be the third derivative of 1/120*q**6 + 1/3*q**3 + 0*q + 0 + 1/3*q**4 + 2/15*q**5 - 10*q**2. Suppose n = -2*d - 1, 4*n + 0*n = d - 31. Calculate b(n).
-5
Let o be (-15*(-6)/(-9))/((-46)/69). Let p(r) = -r**2 + 19*r - 34. What is p(o)?
26
Suppose 37*g + 221 = 663 - 183. Let c = -7 - -9. Let f(h) = 3 + 3 + 5*h**2 - 7*h - 4*h**c. Determine f(g).
6
Let f(a) be the second derivative of -a**5/20 + 2*a**4/3 - 7*a**3/6 + 7*a**2/2 + 8*a. Let w be ((-12)/24)/(10/(-100)). Calculate f(w).
47
Let f be (-10 - (-3 + -2)) + -3 + 12. Let h(u) = -7*u - 5. Let n(k) = -k. Let t(p) = -h(p) + 4*n(p). Determine t(f).
17
Let l(s) = -38*s**2 + 2582*s + 123. Let m be l(68). Let h(v) = -12*v + 25. Give h(m).
181
Let k(u) be the second derivative of -5*u**4/12 + u**3/2 - u**2/2 + 2*u. Let v = 157 + -152. Suppose v*z - 12 = 5*o + 3, 0 = -2*o - 2. Determine k(z).
-15
Let i = 2522 + -2538. Let k(t) = t**3 + 17*t**2 + 19*t + 38. Calculate k(i).
-10
Let f = -436 - -438. Let u(n) = -5*n - 3 + 30*n**2 - 4*n - 23*n**f - 8*n**2. Give u(-6).
15
Let n(m) = -5*m**2 - 3*m**2 + m**3 - 2*m + 7*m**2. Suppose 0 = -385*h + 301*h + 252. Determine n(h).
12
Let v(l) be the third derivative of l**4/12 - 8*l**3/3 - l**2. Let t(j) = j**3 - 25*j**2 + 26*j + 38. Let x be t(22). Let o = x - -853. Calculate v(o).
6
Suppose 0 = -2*y + 4*b + 26, 0 = -2686*b + 2690*b + 24. Suppose -k + 5 - 3 = 0. Let d(s) = 0*s**2 - 2*s**2 - k*s**2. Calculate d(y).
-4
Let n be 8 - (4 - (-1 + 5)). Suppose -4*c = -2 - 34. Let i(y) = -n*y + c*y - y - 11*y**2. Calculate i(1).
-11
Let w be 12/(-7)*(-1127)/(-483). Let y(h) = 3*h**2 - 4*h - 62. Give y(w).
2
Let y be (-1 + 8)*(1 + 0). Let t(c) = -31*c**3 + 40*c**2 - 28*c - 23. Let s(g) = -12*g**3 + 16*g**2 - 11*g - 9. Let q(h) = 13*s(h) - 5*t(h). Calculate q(y).
26
Let a(m) be the first derivative of 9/2*m**2 - 37 + 1/3*m**3 - 5*m. Calculate a(-7).
-19
Suppose -4*z + 10*z - 150 = 0. Suppose 0*n - z = -n. Suppose 19*g + n = 6. Let j(m) = -7*m**3 + m + 1. What is j(g)?
7
Let z(d) = -d**3 - 22*d**2 - d - 11. Let f = 5929 - 5951. What is z(f)?
11
Let f(h) be the third derivative of -h**6/120 - 7*h**5/60 + 5*h**4/12 + 5*h**3/3 - 2550*h**2. What is f(-8)?
-6
Let k be (-495)/20 - -15*11/(-132). Let r(i) = -3*i - 18. Calculate r(k).
60
Let i(p) = -p**3 - p**2 - 1. Let m(b) = -35*b**3 - 6*b**2 - 5. Suppose -4*c = 4*s + 13 - 9, -2*s - 3 = 3*c. Let g(n) = c*m(n) + 6*i(n). What is g(-1)?
-30
Let t(z) be the third derivative of -z**4/8 + z**3/6 + 33*z**2. Let r(u) = -75*u + 3. Let n be r(1). Let v be (-4)/10 + n/(-30). What is t(v)?
-5
Suppose -g - 43*g = -44. Let k(j) be the first derivative of -2*j**2 - 2 + 5*j + 0*j + 0*j - 4*j. Give k(g).
-3
Suppose -16 - 20 = 4*j. Let z(u) be the first derivative of 3*u**2/2 + u + 97406. Give z(j).
-26
Let s(r) = -2*r + 1835*r**3 - 2 - 1862*r**3 + 21*r**2 - 20*r**2. Calculate s(-1).
28
Let s be (-34)/8 - 2/(-8). Let c(g) be the third derivative of g**5/60 + g**4/4 + 4*g**2 - 165. Calculate c(s).
-8
Suppose 2*o - 3*o - 86 = -n, 2*o = -2*n - 192. Let j = o + 93. Let g(t) = -j*t**3 - 97*t - t**3 + 5*t**2 + 2*t**3 + 94*t. Calculate g(2).
6
Let r(j) = j**2 - 22*j - 103. Let s = 2385 - 2359. Calculate r(s).
1
Let a(q) = -q**3 - 8*q**2 - 6*q. Let d be a(-7). Let u = -63 + 63. Let s(b) = 3 + 9*b - 6 - b + u*b + b**2. Determine s(d).
-10
Let a(l) be the first derivative of 4*l + 7/3*l**3 + 1/4*l**4 - 26 - 7/2*l**2. Let r(h) = -7*h**3 - 2*h + 1. Let c be r(1). Give a(c).
-4
Let x(s) = 3*s**3 + 9*s**2 - 11*s + 4. Let h be (-6200)/1612 + (-10)/65. Calculate x(h).
0
Let u be ((0 - -1) + -3)*931/133. Let o be 5/7 + (-4)/u. Let s(a) be the first derivative of 3*a**4/4 - a**3/3 - a**2/2 + a + 2. Calculate s(o).
2
Suppose 2*q = 172 - 72. Suppose 3*z - q = -32. Let o(i) = i**3 - 7*i**2 + 8*i. Give o(z).
12
Let j(w) be the third derivative of -w**5/60 - w**4/12 + w**3/6 + w**2 + 99*w. Determine j(2).
-7
Let w be (2/10)/((-4)/(-20)). Let n(r) = 45*r - 25. Let q(x) = 2*x - 1. Let c(o) = n(o) - 25*q(o). Determine c(w).
-5
Let x(i) = -i**2 + 5*i + 6. Let d = -71 + 74. Suppose 3*b - 33 = -d*z, b = 3*z + 2*b - 23. Give x(z).
0
Let q = -814 - -864. Suppose -345*l = -335*l - q. Let m(v) = v**3 - 4*v**2 - 5*v + 5. Determine m(l).
5
Let c(k) be the third derivative of -k**4/24 - 7*k**3/2 + 19*k**2 - 97*k. What is c(3)?
-24
Let v be ((-6)/3)/((-4)/6) + (9 - 6). Let a(f) = -2*f + 5. Calculate a(v).
-7
Let p(u) = -10*u + 25. Suppose x + 12*h + 23 = 10*h, 15 = -3*x + 3*h. Give p(x).
135
Suppose p = -593*g + 590*g + 47, -2*g = -p - 13. Let t(l) = 11*l**2 - 4 - 2*l**3 + l**3 - 1. Give t(p).
-5
Let g(u) = -u + 7*u**2 - 28*u**2 + 12*u**2 - u**3 - 2*u + 7*u**2. Suppose -d + 8 = -5*d. What is g(d)?
6
Let p = 30 - 27. Let u(l) = 4*l - 8. Let o(t) = t**2 + 3*t - 9. Let b(v) = 2*o(v) - 3*u(v). Let z(y) = -y**2 + y. Let h(g) = p*z(g) + b(g). What is h(-5)?
-4
Let k be (10/4)/(-5)*(2 - 0). Let f(d) = -9*d**3 + 3*d**2 - 14*d + 8. Let p(m) = 3*m**3 - m**2 + 5*m - 3. Let v(l) = -4*f(l) - 11*p(l). Calculate v(k).
-4
Let q(u) = 0*u**2 + 9*u - 15*u - u**2 - 7. Let b be 1*(63/